Let l be w/12*(7 + 5). Suppose v = -4*u + 148, -272 - l = -5*v + u. List the prime factors of v.
2, 3, 7
Suppose -5*v = -4*y - 96746, -5*v - y + 96764 = -2*y. List the prime factors of v.
2, 9677
Let w(y) = 5*y**3 + 2*y**2 + 2*y + 3. Let p(n) = n**3 + 7*n**2 - 9*n - 11. Let r be p(-7). Let m = r - 49. What are the prime factors of w(m)?
2, 3
Suppose 2*l + 4*l + 4*t + 7198 = 0, -3*t = l + 1195. Let v = -868 - l. What are the prime factors of v?
3, 37
Let t be 408 - (6 - (-4 + 7)). Let l = 126 + t. List the prime factors of l.
3, 59
Suppose -5*g = 131*x - 134*x + 3518, -4*x + 4*g = -4704. What are the prime factors of x?
1181
Let r(s) = -17*s. Let c = -17 + 50. Suppose -9*d = 2*d + c. List the prime factors of r(d).
3, 17
Suppose -55*j = -59*j - 2*p + 4544, -3*p - 1122 = -j. Suppose 2*c = 6 - 2. List the prime factors of j/15 + c/5.
2, 19
Let a = 669 - 634. List the prime factors of 63/a*((-14420)/(-12))/7.
3, 103
Let n(v) = -v**3 + 9*v**2 + 10*v + 2. Let h be n(10). Let a(f) = 78*f**2 - 10*f + 19. List the prime factors of a(h).
311
Let x be (-3750)/4 - 24/(-16). Let a be (x/32)/((-2)/8). Suppose -6*c + 669 = -a. What are the prime factors of c?
131
Suppose 152*j - 91*j = 373381. What are the prime factors of j?
6121
Let o = 566 + 290. Let w = o - 510. What are the prime factors of w?
2, 173
Suppose -178*y + 6411825 = 8*y - 25*y. What are the prime factors of y?
3, 5, 59
Let i(p) = -p**3 + 23*p**2 + 52*p - 46. Let z be i(25). List the prime factors of (2/z)/(-8*5/(-8080)).
101
Suppose 15 = 2*n + t, 3*n + 3*t = 1 + 26. Suppose n*j - 4*j = 6. Suppose j*i + 5*i = 344. What are the prime factors of i?
43
Suppose -22*p + 45*p = 306559 + 539887. List the prime factors of p.
2, 18401
Let x(s) = s**2 - 11. Let o = -55 - -52. Let j be (13 - -2 - 3) + o. List the prime factors of x(j).
2, 5, 7
Let c(v) = v**2 + 26*v + 92. Let b be c(-19). Let q(f) = -2*f**2 - 85*f + 86. What are the prime factors of q(b)?
11, 19
Suppose -5 + 17 = 2*w + 4*h, -2*h + 10 = 3*w. Let n(i) = 4*i**3 - 2*i**2 + 6*i - 3. What are the prime factors of n(w)?
3, 11
Let n(s) = s**2 + 146*s + 2117. What are the prime factors of n(138)?
101, 409
Suppose -4*m + 4*p - 532 = 0, 6*m - 9*m - 415 = 5*p. Let s = m + 138. Suppose 0 = -2*k + s*v - 0*v + 46, 5*k = 2*v + 126. What are the prime factors of k?
2, 13
Let t(k) = 401*k**2 + 51*k - 4. List the prime factors of t(-11).
2, 19, 631
Let l = 851 + -849. List the prime factors of (-1553)/2*(-4 + l).
1553
Let b = -37 - -39. Suppose -5*y + 3*v = -7, b*v + 0 + 2 = 2*y. Suppose 0 = -5*u + 3*s + 386, 2*u - 300 = -2*u - y*s. What are the prime factors of u?
2, 19
Suppose -d + 5005 = 5*c, 5*d - 9*c - 25025 = -14*c. What are the prime factors of d?
5, 7, 11, 13
Let m = 27154 - 8078. List the prime factors of m.
2, 19, 251
Let l(r) = -2*r**3 + 6*r**2 + 32*r + 12. Let w(d) = -12*d - 261. Let j be w(-21). What are the prime factors of l(j)?
2, 3, 139
Let n be 136468/68 + (-2)/(-17). Suppose -10*r + 3423 = -n. What are the prime factors of r?
3, 181
Let u(h) = -2*h - 34. Let o be u(-17). Suppose 0 = -m - 3*m - o*m. What are the prime factors of m - (-188 + 1 + -3)?
2, 5, 19
Let m = 397 + -386. Suppose -36*j = m*j - 28435. List the prime factors of j.
5, 11
Suppose 0 = -4*m - 3*k + 1057, m = 20*k - 16*k + 269. Suppose 3*h - 4*w = 368, -4*h - 4*w + m = -207. What are the prime factors of h?
2, 3, 5
Let y be 63 + -1 - (1 + 3). What are the prime factors of 6 - (-8 + -1)*y/2?
3, 89
Let k = 566 - -5. Suppose r + 5*b - k = 0, 2*b - 562 = -8*r + 7*r. What are the prime factors of r?
2, 139
Suppose -4*k + 34125 = 5*q + 1887, -2*k + 16116 = 3*q. What are the prime factors of k?
3, 2689
Let o(m) = 14*m**2 - 117*m + 2. What are the prime factors of o(36)?
2, 6967
Let j(x) be the second derivative of x**4/12 + x**3/2 - 8*x**2 - 16*x + 1. List the prime factors of j(3).
2
Suppose 488 = -4*o + 660. Suppose 50*b - o*b - 3570 = 0. List the prime factors of b.
2, 3, 5, 17
Let b = 70 - 65. Suppose -b*o = -2*o - 111. Let q = 71 - o. What are the prime factors of q?
2, 17
Suppose -3*k + 2*t + 3200 = 0, 4*t - 2704 = -3*k + 472. Suppose 4*w = -4*h + 1562 - 122, -k = -3*w + 5*h. What are the prime factors of w?
2, 179
Let w(j) = 2*j + 11. Let b be w(-1). List the prime factors of b/(-6)*1936/(-24).
11
Suppose 52*z = 9*z - 90*z + 3949834. List the prime factors of z.
2, 31, 479
Let f(p) = 24*p**3 - p**2 - 15*p - 4. Let z be f(12). What are the prime factors of z/111 + 4/(-18)*-6?
2, 3, 31
Suppose 71*j - 142*j - 66972 = -77*j. List the prime factors of j.
2, 5581
Let a(r) be the third derivative of r**5/5 + r**3/2 - 50*r**2. What are the prime factors of a(-4)?
3, 5, 13
Let m be (3/((-15)/(-4)))/(6/(-45)). Let b(j) = -8*j + 63. Let y(h) = 8*h - 62. Let k(p) = m*y(p) - 5*b(p). What are the prime factors of k(-20)?
7, 31
Let z = -54 - -57. Let q(l) = -7 - 4 + 1 - 33*l - z. What are the prime factors of q(-2)?
53
Let w = 457 + 6563. Suppose 57*c = 62*c - w. List the prime factors of c.
2, 3, 13
What are the prime factors of ((-27)/36)/(5/(-4520))?
2, 3, 113
Let h(s) = s**2 + 6*s - 16. Let q be h(-8). Suppose q = 5*f - 104 + 94. Suppose 5*d = -k + 112, -f*k = -3*d - 31 - 180. List the prime factors of k.
107
Suppose -y = -3 + 11. Suppose 0 = -6*w + 162 + 162. What are the prime factors of (w/y)/(-9) + 125/4?
2
Let j(k) = -43 - 2*k**2 + 11136*k - 50 - 11016*k. List the prime factors of j(46).
5, 239
Let l(y) = -24*y + 137 + 183 - 404. What are the prime factors of l(-17)?
2, 3
Let k(z) = 2*z**2 - z + 2. Let c be k(2). Suppose w = -r + 315, 12*w - c*w = 3*r - 980. What are the prime factors of r?
2, 5
Let k(w) be the first derivative of 7*w**2/2 - 5*w + 1. Suppose -7*f + 9*u + 14 = -6*f, -3*u = 3. What are the prime factors of k(f)?
2, 3, 5
Suppose -53*t + 49*t - 22 = -z, -4*t = 2*z + 16. List the prime factors of (2137 + 1)*(z - 15/10).
1069
Let u = -3 - -5. Let s be (-7 + 4 - -19)*u/4. Let r(t) = t**3 - 5*t**2 - 16*t + 11. List the prime factors of r(s).
3, 5
Let p(d) = 7*d + 2*d - d**3 - 2*d**2 - 2*d**2 - 8. Let g be p(-7). Suppose -3 = -b, -3*b - 250 = -5*f + g. What are the prime factors of f?
67
Suppose 779 = 23*z - 4*z. Let x be 4/(-6)*(-108)/(-6). Let v = x + z. List the prime factors of v.
29
Let n(i) = 36*i**2 + 40*i + 181. What are the prime factors of n(-15)?
7681
Let x(o) = -o**3 + 60*o**2 + 103*o - 1008. What are the prime factors of x(57)?
2, 3, 5, 487
Suppose 3 = 3*h, 6*r - 4*h = 2*r + 12204. Suppose 6*q - r = 932. List the prime factors of q.
2, 83
Suppose 0 = -12*s + 48742 + 15818. List the prime factors of s.
2, 5, 269
Suppose 50 + 20 = -o. Let n = -98 - o. Let v = n + 48. What are the prime factors of v?
2, 5
Suppose -85*h + 254 = -83*h. Suppose -q - h + 5450 = 5*c, -c + 1073 = -4*q. List the prime factors of c.
3, 5, 71
Let c(j) = -488*j - 83. Let v be c(-4). What are the prime factors of v/2 + (114/(-12) - -9)?
2, 467
Let f(s) = 2302*s**2 + 24*s + 18. What are the prime factors of f(4)?
2, 7, 13, 29
Let k = 64 + -57. Let s(r) = -r**3 + 8*r**2 - 3*r - 10. Let p be s(k). List the prime factors of (-19382)/(-99) - (-4)/p.
2, 7
Suppose 3*j + 2*j = -5*t, 5*j = 5*t. Suppose -3*y + 14 - 2 = t. Suppose -2*l + y = 0, -v - 2*l + 3*l + 31 = 0. What are the prime factors of v?
3, 11
Suppose -24*a + 36 = -15*a. Suppose a*i - 75 + 83 = 0. Let t = i - -69. List the prime factors of t.
67
Let y(i) = -i**3 + 2*i**2 - 5*i + 44. Let a be y(-9). Let f = 3 + a. What are the prime factors of f?
983
Suppose -b = -4*o + 7, 6*b = 2*b + 4*o + 8. List the prime factors of (-293)/(-6 + b) - -7.
2, 3, 5
Suppose 196 = 16*w - 1468. Suppose -i - w = -386. List the prime factors of i.
2, 3, 47
Let u(g) = -1377*g - 9355. What are the prime factors of u(-12)?
67, 107
Let b = 8174 + -1929. List the prime factors of b.
5, 1249
Suppose -f + 25 = -123. Let o = 147 + f. What are the prime factors of o?
5, 59
Let y be (24/(-18) + 1)*(-10 + 1). Suppose y*s = i - 1235, 4*s = -3*i + 1069 + 2662. List the prime factors of i.
17, 73
What are the prime factors of (-561568)/(-98) + -3*(-10)/(-105)?
2, 3, 5, 191
Suppose 4*n + 3*z + 197 = 0, -82 = 2*n - 3*z - z. Let j = -52 + 21. Let f = j - n. What are the prime factors of f?
2
Suppose -12*s - 10868 = 3*s - 95408. What are the prime factors of s?
2, 1409
L